base 3, what is 12201 - -10001?
22202
In base 7, what is -112012 - 2?
-112014
In base 7, what is 0 + 521003?
521003
In base 16, what is 163 - -17?
17a
In base 4, what is -2 + -320132?
-320200
In base 16, what is -6 - 1b4be?
-1b4c4
In base 16, what is 2cf37 - -f?
2cf46
In base 10, what is -781 - 93?
-874
In base 2, what is -1101010110111111 + 100011?
-1101010110011100
In base 13, what is 2834378 - 1?
2834377
In base 7, what is -115360 - 4?
-115364
In base 4, what is 333331313 - 0?
333331313
In base 12, what is 3a - 110a?
-1090
In base 9, what is -378 - -63?
-315
In base 7, what is 136105 - -2?
136110
In base 10, what is 0 + 538319?
538319
In base 9, what is -1 + -10077?
-10078
In base 9, what is 447 - -127?
575
In base 4, what is 3 + -11120213?
-11120210
In base 5, what is 112223 + -30?
112143
In base 13, what is -49ac6 - -3?
-49ac3
In base 14, what is 3 + -6b77?
-6b74
In base 15, what is 6 + -b85?
-b7e
In base 15, what is 1aeec5 + 3?
1aeec8
In base 6, what is -5241142 + -1?
-5241143
In base 12, what is -1b10 - 1a3?
-20b3
In base 12, what is 923 + -146?
799
In base 2, what is 1010110001100 + -111000?
1010101010100
In base 11, what is -7 - 2155?
-2161
In base 15, what is -26 + -659?
-680
In base 11, what is -2999 - -3?
-2996
In base 10, what is 135 + 322?
457
In base 2, what is 11111101101 + 11010000?
100010111101
In base 14, what is 3a - -7d7?
833
In base 15, what is -1 + -3a929?
-3a92a
In base 7, what is 31221 + -260?
30631
In base 13, what is -87 + -459?
-513
In base 14, what is 3c + 2b52b?
2b569
In base 6, what is 32120 + -341?
31335
In base 2, what is -10001100011010011000111 + -10?
-10001100011010011001001
In base 6, what is 11452 - 11?
11441
In base 3, what is 111010011 - 222?
111002012
In base 9, what is 7130 + 17?
7147
In base 5, what is -2231 - -2100?
-131
In base 12, what is -4504 - -4?
-4500
In base 2, what is -10100011 - 11010100?
-101110111
In base 2, what is -1 - -100110101000000000?
100110100111111111
In base 10, what is 193383 - 6?
193377
In base 6, what is 114 + 33303?
33421
In base 11, what is -55aa2 + -13?
-56005
In base 7, what is 4 + 620441?
620445
In base 16, what is -c7 - 118?
-1df
In base 8, what is 661234 - -5?
661241
In base 7, what is -1243503 + 2?
-1243501
In base 16, what is 2fdf3 - 1?
2fdf2
In base 13, what is 19a6 - -a9?
1a82
In base 13, what is 2 - -159324?
159326
In base 3, what is -1 + -1010202022?
-1010202100
In base 4, what is -10111030003 - -2?
-10111030001
In base 9, what is -125662 - -4?
-125657
In base 12, what is -451b - 59?
-4578
In base 4, what is 221331210 - 10?
221331200
In base 6, what is 22 - -144421?
144443
In base 15, what is 14e6d2 - 4?
14e6cd
In base 10, what is 373 - 507?
-134
In base 4, what is 10230333 - 331?
10230002
In base 16, what is a + 2ede?
2ee8
In base 6, what is 435 - 10153?
-5314
In base 10, what is 18331 + -4?
18327
In base 3, what is 10011 - 10020212?
-10010201
In base 14, what is -2a5bd + -7?
-2a5c6
In base 11, what is 4874a - -2?
48751
In base 13, what is -4c70 - 3?
-4c73
In base 14, what is -293 - 2b8?
-56b
In base 15, what is 27 + e33?
e5a
In base 13, what is 1049771 + 0?
1049771
In base 9, what is 8406 + 32?
8438
In base 16, what is 6 - 1377d?
-13777
In base 9, what is -10 + 4531?
4521
In base 3, what is -12210210101022 + -12?
-12210210101111
In base 15, what is -67 - -137b?
1314
In base 14, what is 4 - -99?
9d
In base 8, what is -376050 + -1?
-376051
In base 2, what is -10100100101100 + -11001?
-10100101000101
In base 2, what is -1111 + 101010100?
101000101
In base 14, what is 7 - 5755b?
-57554
In base 6, what is -2 - 14545?
-14551
In base 13, what is -3 + 936a?
9367
In base 10, what is 322112 + -2?
322110
In base 2, what is 1111 - -10010001000101?
10010001010100
In base 6, what is 15 + -553444?
-553425
In base 13, what is 19 - -101b?
1037
In base 4, what is -13312311112 + 2?
-13312311110
In base 16, what is -d2d61 + 4?
-d2d5d
In base 2, what is -10 + 11011010011011001?
11011010011010111
In base 8, what is 64607 + -1?
64606
In base 3, what is 1222020210022 + -2?
1222020210020
In base 16, what is -1 - -1c7?
1c6
In base 4, what is -1023 - 2232213?
-2233302
In base 15, what is -9ac + -3?
-9b0
In base 9, what is -4 - 26040?
-26044
In base 6, what is -133112245 + 4?
-133112241
In base 16, what is -3 + 9250?
924d
In base 5, what is -2433 - 30403?
-33341
In base 7, what is 1253 - -13522?
15105
In base 7, what is -15 + -265443?
-265461
In base 13, what is -3 - bc1?
-bc4
In base 5, what is 14420 + -1301?
13114
In base 10, what is -46 - 553?
-599
In base 4, what is 230131 + 1311?
232102
In base 3, what is 1221 - 1002111?
-1000120
In base 14, what is -3cc - 13?
-401
In base 15, what is -139 + 56?
-d3
In base 12, what is 82 + -3?
7b
In base 5, what is 204 - 21144?
-20440
In base 8, what is -3 - 25744?
-25747
In base 13, what is -65a + 3?
-657
In base 8, what is -320631 - -1?
-320630
In base 9, what is -2452 - -103?
-2348
In base 9, what is 21626 + -7?
21618
In base 2, what is 1101100 + -10001110?
-100010
In base 6, what is -5 + 1020515?
1020510
In base 6, what is -152234 - -304?
-151530
In base 13, what is -a009 - 3?
-a00c
In base 16, what is 116b7 + 2?
116b9
In base 11, what is 80 - -472?
542
In base 13, what is 0 + -1b70?
-1b70
In base 10, what is -1 - 12785?
-12786
In base 11, what is -270a8 - 7?
-27104
In base 9, what is -20150 - 10?
-20160
In base 2, what is -1001010100000101111 + -11?
-1001010100000110010
In base 12, what is 12 + -868?
-856
In base 8, what is 0 - -337462?
337462
In base 8, what is -3465 - -30?
-3435
In base 3, what is 100220122 + -11?
100220111
In base 7, what is -535 + -1212?
-2050
In base 5, what is -311430 + 4?
-311421
In base 4, what is 3313 - -201201?
211120
In base 10, what is -7 + 36237?
36230
In base 11, what is -11738 + 0?
-11738
In base 6, what is -21024 + -121?
-21145
In base 11, what is 5216098 - 5?
5216093
In base 14, what is 96c - -19?
987
In base 15, what is -978d4 + -4?
-978d8
In base 7, what is -56 - -11?
-45
In base 4, what is -11 - -112220103?
112220032
In base 16, what is -12 - 88b?
-89d
In base 2, what is -10101011001101001 + 101?
-10101011001100100
In base 11, what is -2359 - 125?
-2483
In base 2, what is -100110101110110 - -100?
-100110101110010
In base 12, what is 2 - -27613?
27615
In base 6, what is -1311 + -2302?
-4013
In base 2, what is 100 + 11000010110000?
11000010110100
In base 14, what is 5b - -153a?
1597
In base 9, what is -5 + -60216?
-60222
In base 10, what is 249872 + 10?
249882
In base 4, what is -22103203 - -23?
-22103120
In base 8, what is 13724420 - -1?
13724421
In base 2, what is 1010001110 + -111110001111?
-110100000001
In base 10, what is -22 + 9?
-13
In base 2, what is -1011101101 + 1010000?
-1010011101
In base 4, what is -1331 + -1011310?
-1013301
In base 16, what is -b6b + -b?
-b76
In base 9, what is 1404705 + 6?
1404712
In base 7, what is 34 + -15221?
-15154
In base 12, what is 1 - -508345?
508346
In base 6, what is 25 + 25034?
25103
In base 4, what is -2100003 + -120?
-2100123
In base 11, what is 89aa - -3?
8a02
In base 5, what is 23 + 20042?
20120
In base 15, what is 32381 - 0?
32381
In base 9, what is 75244 + -2?
75242
In base 4, what is 121131 + 122?
121313
In base 14, what is -20 + -6312?
-6332
In base 16, what is 432a3 + 0?
432a3
In base 6, what is 5 + 3455501?
3455510
In base 11, what is 6039a - -1?
603a0
In base 8, what is 143627 - 1?
143626
In base 5, what is -13 - 2141?
-2204
In base 8, what is -1114 + -67?
-1203
In base 15, what is -9 - -1a48a?
1a481
In base 11, what is 17 + -33424?
-33408
In base 14, what is -3cd68 - 1?
-3cd69
In base 8, what is -251 + 54?
-175
In base 10, what is -42099 + -2?
-42101
In base 14, what is 1036 + 1a?
1052
In base 14, what is 1695 + 11?
16a6
In base 16, what is 80f064 - 5?
80f05f
In base 3, what is 12102002202102 - -12?
12102002202121
In base 13, what is 3ca6b - 0?
3ca6b
In base 9, what is 4 - -112037?
112042
In base 16, what is -9be6 - -2?
-9be4
In base 9, what is 0 - -418637?
418637
In base 11, what is -10698 + 2a8?
-103a0
In base 16, what is -148c - 2?
-148e
In base 8, what is 2152 - 3735?
-1563
In base 6, what is 354 - 1113?
-315
In base 9, what is 2028 + 415?
2444
In base 3, what is -22111 - 101?
-22212
In base 16, what is 13f32 + 2?
13f34
In base 9, what is 3 - -558